= 3*q - 136, -4*a + 10 = q - 30. Let o = -38 + q. Suppose 2*x - 20 = o. What are the prime factors of x?
13
What are the prime factors of (-454)/(-1) - (2 + 1 + -6)?
457
Suppose -85 = -2*p + 37. Let k = -102 - -102. Let a = p - k. What are the prime factors of a?
61
Let n(u) be the second derivative of u**4/12 + u**3/2 - 4*u**2 - u. Let w be n(7). Suppose -2*t - w = -2*h + 10, -2*t + 159 = 5*h. List the prime factors of h.
3, 11
Suppose 2*r = -2*r + 1164. Suppose 0 = -g - g - t + r, t + 147 = g. List the prime factors of g.
2, 73
Suppose -4*k = 29 + 15. Let j(h) be the second derivative of -5*h**3/6 - 4*h**2 - 3*h. What are the prime factors of j(k)?
47
Let z(r) = 5*r**2 + r + 109. What are the prime factors of z(0)?
109
Let a = 1475 + 449. What are the prime factors of a?
2, 13, 37
Let v be -18 - -2*(4 - 5). Let q = v + 63. List the prime factors of q.
43
Let v = -24 + 1820. What are the prime factors of v?
2, 449
Suppose 9*d - 2796 = 5*d. Suppose -6*i + 21 = -d. List the prime factors of i.
2, 3, 5
Let x(s) = -13*s - 1. Suppose -3 = -4*z + 5, 5*c - 4*z = 107. Suppose 2*b = -l + 5*b - 13, -2*l = -5*b + c. List the prime factors of x(l).
3, 17
Suppose -g + 75 = -292. List the prime factors of g.
367
Suppose -q = 2*k - 1212, -1208 = -2*k + 7*q - 9*q. What are the prime factors of k?
2, 19
Let a be (-9)/(27/(-78)) + 3. Let t = 40 + a. List the prime factors of t.
3, 23
Suppose 5 = -5*f - 5*v - 0, -v - 3 = 0. Suppose -3*l - 5*j + 499 = 0, -f*l = -3*j - 0*j - 320. What are the prime factors of l?
163
Suppose -331*g + 325*g = -2868. What are the prime factors of g?
2, 239
Let l(y) = 129*y**3 - 3*y**2 + 2. Let z = -56 - -57. What are the prime factors of l(z)?
2
Let o(p) = -111*p + 169. What are the prime factors of o(-4)?
613
Suppose -11*u + 52 = -7*u. Suppose 3*y - y = m + u, m = -2*y + 7. Suppose -x - 42 = -2*b - 5*x, -5*b + 110 = y*x. List the prime factors of b.
23
Suppose 0*h + 33 = 3*s + 3*h, 5*s - 25 = h. Let y be s - (0 - (-3 + 1)). Suppose -47 - 97 = -y*m. List the prime factors of m.
2, 3
Let y = 333 - 185. Let f = -89 + y. What are the prime factors of f?
59
Suppose -3*d + 25 = 2*d. Let r(b) = -13*b + 58*b + 1 - 17*b - 18*b. What are the prime factors of r(d)?
3, 17
Let b = 92 + 17. What are the prime factors of b?
109
Let m(f) = -f**2 - 26*f - 39. What are the prime factors of m(-18)?
3, 5, 7
Let t be (-6 + 160)*(-1)/(-2). List the prime factors of 18/(-4)*11/(t/(-70)).
3, 5
Let c(u) = -u**2 - 7*u - 6. Let b be c(-5). Suppose -b*v = -2 + 22, 2*v = 4*r - 2. What are the prime factors of (-66 - -2 - -2)/r?
31
What are the prime factors of 11/(((-2295)/(-327) + -7)/2)?
11, 109
Suppose -403*q + 394*q + 4878 = 0. List the prime factors of q.
2, 271
Suppose 3*r + y = 2*r + 2, r - 20 = 5*y. Suppose -4*z + 25 = r. List the prime factors of z.
5
Let d(c) = -c + 3*c - c + 10*c**2 + 2 - 4*c. Let y be d(1). Suppose 2*g - 33 = y. List the prime factors of g.
3, 7
Let m(y) = y**2 - y - 2. Let f be m(2). Let d = 15 + f. What are the prime factors of d?
3, 5
Let q = -537 - -1201. List the prime factors of q.
2, 83
Let p(a) = 6*a + 11. Let q be p(-2). List the prime factors of 2 - ((-1539)/12 - q/4).
2, 5, 13
What are the prime factors of (-62)/(-8)*42 - (-60)/120?
2, 163
Let b = 83 + -85. Let k(v) = -59*v + 5. List the prime factors of k(b).
3, 41
Let h be ((-78)/5)/(1 - (-14)/(-20)). Let t = h - -107. List the prime factors of t.
5, 11
Suppose 7*k + 15 = -5*j + 2*k, -14 = 5*j + 4*k. What are the prime factors of j/4 + (-298)/(-4)?
2, 37
Let z(h) be the second derivative of -h**4/12 + 7*h**3/6 - 5*h**2/2 - h. What are the prime factors of z(5)?
5
Suppose 0 = 3*s - 5*l + 2*l - 1131, 0 = -5*l + 15. List the prime factors of s.
2, 5, 19
Suppose 3*b + 5*q - 26 = -0*q, -4*b - 3*q + 20 = 0. Let z = b - 12. List the prime factors of (36/(-2))/(z/5).
3
Suppose -5434 = -4*u + 2*p, 48*u - 52*u + 5449 = p. What are the prime factors of u?
1361
Let y(a) be the first derivative of -10*a**2 + 6*a + 13. Suppose -5*i - 14 = -2*i - 5*o, 5 = -2*i - o. List the prime factors of y(i).
2, 3, 11
Let v(l) = 4*l**2 + 11*l + 21. Let g be v(-7). Suppose -27 = -s + g. What are the prime factors of s?
167
Suppose -26*k = -55*k + 812. Let t be 1/(-4) - 93/(-4). Let o = k - t. What are the prime factors of o?
5
Suppose -2*a + 3*x = -6, 2*a - 3*x - 6 = x. Let i be (3 - 4)/(a - 2). What are the prime factors of i + -2 + (28 - 3)?
2, 11
Suppose -4*f = -3*b + 12, -2*f - b - 2*b + 12 = 0. Let j(c) = -c**2 - c + 26. List the prime factors of j(f).
2, 13
Let y(q) = 2*q**3 + q**2 - 42*q + 1. List the prime factors of y(7).
2, 13, 17
Suppose k - 20 = -4*k, 2*k = -2*y + 196. What are the prime factors of y?
2, 47
Let c = -1464 - -360. Let m be (-12)/30 - c/10. What are the prime factors of (9/15)/(2/m)?
3, 11
Let d = 3358 - -313. What are the prime factors of d?
3671
Let g be -1*1/2*-6. Suppose 6*x + b = 2*x + 36, g*b = 5*x - 62. List the prime factors of x.
2, 5
Suppose 0 = -85*k + 93*k - 9584. What are the prime factors of k?
2, 599
Suppose -2*i = 3*l - 10053, 20117 = 4*i - l - 4*l. What are the prime factors of i?
2, 3, 419
Let p(l) = -1 - 2*l + 4 - 3*l. Suppose -2*b = -2, -b = 5*d + 7 + 12. What are the prime factors of p(d)?
23
Let y(j) = 14*j**3 - 2*j**2 + 7*j. What are the prime factors of y(3)?
3, 127
Suppose 42 = 7*v - 56. Let o(y) = 3*y - 10. List the prime factors of o(v).
2
Suppose -2*d + 42 + 35 = x, -405 = -5*x - 5*d. Suppose 3*w - x + 22 = 0. List the prime factors of (266/w)/((-4)/(-6)).
19
Let l(s) = s**2 + 6*s - 32. Let d be l(-9). What are the prime factors of (-2 - 364/d)/(10/25)?
3, 59
Let a(v) = -v**2 + 14*v - 15. Let y be a(13). Let x be y/(-1*1/69). Suppose -s + 5*s - o - x = 0, 0 = 4*s + 3*o - 146. List the prime factors of s.
5, 7
Let u = 2873 + -1330. List the prime factors of u.
1543
Let u(f) = -3*f**3 + 4*f**2 - 3*f. Let b be u(2). Let h = 106 - b. List the prime factors of h.
2, 3, 5
Let u = 11 - 186. Let j = -120 - u. List the prime factors of j.
5, 11
Let p be 11/(-66) - 43/(-6). Suppose -p*s = -10*s + 105. What are the prime factors of s?
5, 7
Let n be ((-31)/(-5))/((-10)/(-50)). Let k(g) = 8*g - 57. List the prime factors of k(n).
191
Let t = -81 - -83. Suppose 2 = c, t*k = k + 5*c + 203. What are the prime factors of k?
3, 71
Let p(t) = -t**2 + t + 12. Let c be p(4). Suppose n - 4 = c, 2*n + 2 = 2*z + 3*z. List the prime factors of -7 - -67 - (z + -6).
2
Let g = 18 - 15. Suppose 2*l = g*l - 5. Suppose -15 - 105 = -3*v + 5*b, -l*b = -2*v + 75. List the prime factors of v.
3, 5
Let d(l) be the second derivative of l**5/20 - 2*l**4/3 + 3*l**3/2 - 11*l**2/2 + l. List the prime factors of d(8).
61
Let o = -334 + 4123. What are the prime factors of o?
3, 421
Suppose 909 = 2*l - 5*b - 0*b, -4*l + 1833 = -5*b. Suppose l = 4*w - 0*i - 5*i, 4*i = -8. List the prime factors of w.
113
Suppose 3*n - 295 = -b, -3*n = 5*b + 461 - 1972. What are the prime factors of b?
2, 19
List the prime factors of (84588/(-8))/(-7) + 1/(-2).
2, 5, 151
Suppose -5*g + 8 = -2. Suppose 0 = -g*p + 6 + 4. What are the prime factors of -1*p*114/(-30)?
19
Let d = 87 + -53. Suppose 2*u - 6 = u + w, -5*u + d = -4*w. Let x = u + 3. What are the prime factors of x?
13
List the prime factors of 5/(-50) + ((-100177)/(-70) - -6).
3, 479
Let b be 4 + ((-12)/18 - 8/(-3)). Let s(v) = 8*v**2 - 7*v + 14. List the prime factors of s(b).
2, 5, 13
Suppose -7 = 2*o + u, -12 = 2*o + 5*u + 15. Let b = 5 + o. Suppose 95 = h + b*h. What are the prime factors of h?
19
Let v = -4374 + 7928. What are the prime factors of v?
2, 1777
Suppose 7*b = 75 - 5. Suppose -65 - b = -5*t. Suppose 4*y = -5*n + 34 + 15, t = -5*n. What are the prime factors of y?
2
Let r(j) = -j + 3. Let q be r(-3). Suppose -64 = 3*a - 2*x, 0 = -4*a - q*x + 5*x - 89. Let i = a + 38. What are the prime factors of i?
2
Suppose v = -4 + 25. Suppose -2*n - v + 163 = 0. What are the prime factors of n?
71
Let n(o) be the third derivative of o**5/60 - 7*o**4/24 + 4*o**3/3 + 11*o**2. Let q be n(5). List the prime factors of 1 + -43*(q - -1).
2, 11
Let y = -3 + -3. Let w(z) = -z**3 - 6*z**2 - z + 6. Let l be w(y). Suppose 5*g + h - 95 = 0, -5*h + l = 2*g - 3. What are the prime factors of g?
2, 5
Let z = 23 - 11. Suppose 0 = -3*n - n + z. Suppose 0 = 